{"id":106,"date":"2023-09-19T20:48:30","date_gmt":"2023-09-19T18:48:30","guid":{"rendered":"https:\/\/cursos.deglucionatipica.com\/index.php\/lp-become-a-teacher\/"},"modified":"2023-09-19T21:02:22","modified_gmt":"2023-09-19T19:02:22","slug":"lp-become-a-teacher","status":"publish","type":"page","link":"https:\/\/cursos.deglucionatipica.com\/index.php\/lp-become-a-teacher\/","title":{"rendered":"Convi\u00e9rtete en formadora"},"content":{"rendered":"\n<p>\u00bfTe gusta mi filosof\u00eda para las formaciones?<\/p>\n\n\n\n<p>Nos hemos pasado media vida entre libros, y estamos hartas de cursos donde nos atiborran de presentaciones powerpoint y elementos te\u00f3ricos (ABSOLUTAMENTE NECESARIOS PARA UNA PR\u00c1CTICA CL\u00cdNICA RESPONSABLE)&#8230;y no s\u00e9 t\u00fa, pero yo estoy cansada de horas y horas de embriolog\u00eda, anatom\u00eda y fisiolog\u00eda&#8230;llevo m\u00e1s de dos d\u00e9cadas estudiandolo una y otra vez.<\/p>\n\n\n\n<p>Y te voy a ser sincera, sigo consultando casi a diario mis libros de anatom\u00eda, neurolog\u00eda y fisiolog\u00eda, porque me cuesta la misma vida meterme en la cabeza tant\u00edsimos nombres&#8230;pero tengo muy claro qu\u00e9 m\u00fasculos, nervios, articulaciones tengo entre mis manos en mis sesiones de terapia miofuncional&#8230;aunque no sepa siempre decirte cada nombre \ud83d\ude13<\/p>\n\n\n\n<p>Pero opino que esa formaci\u00f3n te\u00f3rica es responsabilidad de cada una de nosotras, debemos tener esos libros de consulta, y estudiar una y otra vez (las veces que sean necesarias)&#8230;y seguir estudiando cada vez que nos llega un paciente y leemos sus informes m\u00e9dicos.<\/p>\n\n\n\n<p>Porque yo no concibo ponerme a trabajar con una persona que ha sufrido c\u00e1ncer oral y se ha sometido a una cirug\u00eda sin estudiar previamente en qu\u00e9 ha consistido esa cirug\u00eda, las estructuras que ha podido afectar, qu\u00e9 efectos pueden tener los f\u00e1rmacos que toma, qu\u00e9 secuelas posibles puede sufrir por tratamientos como la radioterapia&#8230;.NUNCA PODEMOS DEJAR DE ESTUDIAR<\/p>\n\n\n\n<p>Sin embargo, cuando me inscribo en un curso, espero que me ense\u00f1en la parte pr\u00e1ctica:<\/p>\n\n\n\n<ul>\n<li>\u00bfQu\u00e9 tengo que evaluar en este paciente?<\/li>\n\n\n\n<li>\u00bfC\u00f3mo he de hacerlo?<\/li>\n\n\n\n<li>\u00bfQu\u00e9 ejercicios hago con este paciente?<\/li>\n\n\n\n<li>\u00bfC\u00f3mo s\u00e9 si funciona?<\/li>\n<\/ul>\n\n\n\n<p>\u00bfNo te pasa a t\u00ed?<\/p>\n\n\n\n<p>Pues si quieres ayudar a otras compa\u00f1eras logopedas ofreciendo formaci\u00f3n pr\u00e1ctica sobre tu especialidad, no lo dudes, \u00fanete a mi.<\/p>\n\n\n\n<p>Escr\u00edbeme y hablamos \ud83d\ude09<\/p>\n\n\n\n<p>Un saludo, Beatriz&#8230;.logopeda<\/p>\n","protected":false},"excerpt":{"rendered":"<p>\u00bfTe gusta mi filosof\u00eda para las formaciones? Nos hemos pasado media vida entre libros, y estamos hartas de cursos donde &hellip;<\/p>\n<p class=\"read-more\"> <a class=\"\" href=\"https:\/\/cursos.deglucionatipica.com\/index.php\/lp-become-a-teacher\/\"> <span class=\"screen-reader-text\">Convi\u00e9rtete en formadora<\/span> Leer m\u00e1s &raquo;<\/a><\/p>\n","protected":false},"author":1,"featured_media":0,"parent":0,"menu_order":0,"comment_status":"closed","ping_status":"closed","template":"","meta":{"site-sidebar-layout":"default","site-content-layout":"","ast-site-content-layout":"","site-content-style":"default","site-sidebar-style":"default","ast-global-header-display":"","ast-banner-title-visibility":"","ast-main-header-display":"","ast-hfb-above-header-display":"","ast-hfb-below-header-display":"","ast-hfb-mobile-header-display":"","site-post-title":"","ast-breadcrumbs-content":"","ast-featured-img":"","footer-sml-layout":"","theme-transparent-header-meta":"","adv-header-id-meta":"","stick-header-meta":"","header-above-stick-meta":"","header-main-stick-meta":"","header-below-stick-meta":"","astra-migrate-meta-layouts":"","footnotes":""},"_links":{"self":[{"href":"https:\/\/cursos.deglucionatipica.com\/index.php\/wp-json\/wp\/v2\/pages\/106"}],"collection":[{"href":"https:\/\/cursos.deglucionatipica.com\/index.php\/wp-json\/wp\/v2\/pages"}],"about":[{"href":"https:\/\/cursos.deglucionatipica.com\/index.php\/wp-json\/wp\/v2\/types\/page"}],"author":[{"embeddable":true,"href":"https:\/\/cursos.deglucionatipica.com\/index.php\/wp-json\/wp\/v2\/users\/1"}],"replies":[{"embeddable":true,"href":"https:\/\/cursos.deglucionatipica.com\/index.php\/wp-json\/wp\/v2\/comments?post=106"}],"version-history":[{"count":1,"href":"https:\/\/cursos.deglucionatipica.com\/index.php\/wp-json\/wp\/v2\/pages\/106\/revisions"}],"predecessor-version":[{"id":110,"href":"https:\/\/cursos.deglucionatipica.com\/index.php\/wp-json\/wp\/v2\/pages\/106\/revisions\/110"}],"wp:attachment":[{"href":"https:\/\/cursos.deglucionatipica.com\/index.php\/wp-json\/wp\/v2\/media?parent=106"}],"curies":[{"name":"wp","href":"https:\/\/api.w.org\/{rel}","templated":true}]}}